{"id":145,"date":"2018-05-27T11:59:07","date_gmt":"2018-05-27T09:59:07","guid":{"rendered":"http:\/\/orichalcum.topory.org\/?page_id=145"},"modified":"2023-06-22T09:58:46","modified_gmt":"2023-06-22T07:58:46","slug":"regulamin","status":"publish","type":"page","link":"https:\/\/orichalcum.topory.org\/index.php\/informacje\/regulamin\/","title":{"rendered":"Regulamin"},"content":{"rendered":"<h1 style=\"text-align: center;\"><strong>Regulamin konwentu<br \/>\nOrichalcum 2023<\/strong><\/h1>\n<p style=\"text-align: right;\"><em>Dura lex, sed lex -Twarde prawo, ale prawo.<br \/>\n<\/em>Ulpian<\/p>\n<p style=\"text-align: center;\"><b><strong>\u00a7 <\/strong>1<\/b><\/p>\n<p><span style=\"font-weight: 400;\">Orichalcum odbywa si\u0119 na terenie le\u015bnicz\u00f3wki w miejscowo\u015bci G\u0142uch\u00f3w ko\u0142o Rawy Mazowieckiej (woj. \u0142\u00f3dzkie).<\/span><\/p>\n<p style=\"text-align: center;\"><b><strong>\u00a7 <\/strong>2<\/b><\/p>\n<p><span style=\"font-weight: 400;\">Wej\u015bcie na teren konwentu jest jednoznaczne z akceptacj\u0105 Regulaminu.<\/span><\/p>\n<p style=\"text-align: center;\"><b><strong>\u00a7 <\/strong>3<\/b><\/p>\n<p><span style=\"font-weight: 400;\">Osoby nie przestrzegaj\u0105ce regulaminu mog\u0105 zosta\u0107 usuni\u0119te z terenu konwentu bez zwrotu akredytacji.<\/span><\/p>\n<p style=\"text-align: center;\"><b><strong>\u00a7 <\/strong>4<\/b><\/p>\n<p><span style=\"font-weight: 400;\">Na terenie konwentu uczestnicy mog\u0105 przebywa\u0107 od pi\u0105tku godz. 16 do niedzieli, godz. 16.<\/span><\/p>\n<p style=\"text-align: center;\"><b><strong>\u00a7 <\/strong>5<\/b><\/p>\n<p><span style=\"font-weight: 400;\">Na terenie konwentu mog\u0105 przebywa\u0107 jedynie osoby posiadaj\u0105ce wa\u017cny identyfikator.<\/span><\/p>\n<p style=\"text-align: center;\"><span style=\"font-weight: 400;\"><strong>\u00a7 <\/strong><\/span><b>6<\/b><\/p>\n<p><span style=\"font-weight: 400;\">Ka\u017cdy uczestnik zobowi\u0105zany jest nosi\u0107 identyfikator w widocznym miejscu. W przypadku zgubienia identyfikatora nale\u017cy niezw\u0142ocznie zg\u0142osi\u0107 si\u0119 do organizator\u00f3w.<\/span><\/p>\n<p style=\"text-align: center;\"><b><strong>\u00a7 <\/strong>7<\/b><\/p>\n<p><span style=\"font-weight: 400;\">Organizatorzy nie ponosz\u0105 odpowiedzialno\u015bci za szkody poniesione przez uczestnik\u00f3w na ciele, mieniu i umy\u015ble.<\/span><\/p>\n<p style=\"text-align: center;\"><span style=\"font-weight: 400;\"><strong>\u00a7 <\/strong><\/span><b>8<\/b><\/p>\n<p><span style=\"font-weight: 400;\">Osoby niepe\u0142noletnie na terenie konwentu mog\u0105 przebywa\u0107 jedynie pod opiek\u0105 rodzica b\u0105d\u017a prawnego opiekuna. Warunek ten nie dotyczy cz\u0142onk\u00f3w sekcji organizacyjnych, kt\u00f3rzy w przypadku niepe\u0142noletno\u015bci znajduj\u0105 si\u0119 pod opiek\u0105 organizatora sekcji, kt\u00f3rej s\u0105 cz\u0142onkami.<\/span><\/p>\n<p style=\"text-align: center;\"><b><strong>\u00a7 <\/strong>9<\/b><\/p>\n<p><span style=\"font-weight: 400;\">Organizatorzy nie ponosz\u0105 odpowiedzialno\u015bci za rzeczy pozostawione bez opieki lub zagubione.<\/span><\/p>\n<p style=\"text-align: center;\"><span style=\"font-weight: 400;\"><strong>\u00a7 <\/strong><\/span><b>10<\/b><\/p>\n<p><span style=\"font-weight: 400;\">Zabronione jest wnoszenie na teren konwentu przedmiot\u00f3w niebezpiecznych, jak bro\u0144 palna, ASG wraz z amunicj\u0105, bro\u0144 bia\u0142a czy materia\u0142y wybuchowe lub toksyczne. Przedmioty te mog\u0105 zosta\u0107 u\u017cyte do pokaz\u00f3w za zgod\u0105 organizatora.<\/span><\/p>\n<p style=\"text-align: center;\"><span style=\"font-weight: 400;\"><strong>\u00a7 <\/strong><\/span><b>11<\/b><\/p>\n<p><span style=\"font-weight: 400;\">Zabronione jest rozpalanie ognisk poza miejscami wyznaczonymi do tego przez organizator\u00f3w.<\/span><\/p>\n<p style=\"text-align: center;\"><span style=\"font-weight: 400;\"><strong>\u00a7 <\/strong><\/span><b>12<\/b><\/p>\n<p><span style=\"font-weight: 400;\">Namioty uczestnik\u00f3w mog\u0105 by\u0107 rozstawiane tylko w miejscach wskazanych przez organizator\u00f3w.<\/span><\/p>\n<p style=\"text-align: center;\"><b><strong>\u00a7 <\/strong>13<\/b><\/p>\n<p><span style=\"font-weight: 400;\">Na terenie konwentu obowi\u0105zuje zakaz wnoszenia i spo\u017cywania wszelkiego alkoholu, poza piwem. (Piwo \u2013 nap\u00f3j alkoholowy o niskiej zawarto\u015bci alkoholu [zazwyczaj do 7%], uzyskiwany w wyniku fermentacji alkoholowej brzeczki piwnej, otrzymywanej ze zb\u00f3\u017c \u2013 g\u0142\u00f3wnie j\u0119czmienia [czasem tak\u017ce pszenicy] bez destylacji)<\/span><\/p>\n<p style=\"text-align: center;\"><span style=\"font-weight: 400;\"><strong>\u00a7 <\/strong><\/span><b>14, pkt. a<\/b><\/p>\n<p><span style=\"font-weight: 400;\">Alkohol przywieziony na konwent mo\u017cna zostawi\u0107 pod opiek\u0105 organizator\u00f3w i odebra\u0107 opuszczaj\u0105c imprez\u0119.<\/span><\/p>\n<p style=\"text-align: center;\"><b><strong>\u00a7 <\/strong>14, pkt. b<\/b><\/p>\n<p><span style=\"font-weight: 400;\">Palenie papieros\u00f3w dozwolone b\u0119dzie tylko w specjalnie wyznaczonych miejscach. Ka\u017cdorazowe palenie poza stref\u0105 b\u0119dzie karane op\u0142at\u0105 1 z\u0142.<\/span><\/p>\n<p style=\"text-align: center;\"><b><strong>\u00a7 14,<\/strong>\u00a0pkt. c<\/b><\/p>\n<p><span style=\"font-weight: 400;\">Osoby niepe\u0142noletnie maj\u0105 kategoryczny zakaz tak podczas konwentu jak i podczas ogniska integracyjnego u\u017cywania alkoholu i wyrob\u00f3w tytoniowych.<\/span><\/p>\n<p style=\"text-align: center;\"><span style=\"font-weight: 400;\"><strong>\u00a7 <\/strong><\/span><b>15<\/b><\/p>\n<p><span style=\"font-weight: 400;\">Osoby pod wp\u0142ywem \u015brodk\u00f3w odurzaj\u0105cych oraz nietrze\u017awe, b\u0119d\u0105 niezw\u0142ocznie usuwane z terenu konwentu przez organizator\u00f3w.<\/span><\/p>\n<p style=\"text-align: center;\"><b><strong>\u00a7 <\/strong>16<\/b><\/p>\n<p><span style=\"font-weight: 400;\">Na terenie konwentu obowi\u0105zuje zakaz palenia poza specjalnie do tego wyznaczonymi miejscami.<\/span><\/p>\n<p style=\"text-align: center;\"><b><strong>\u00a7 <\/strong>17<\/b><\/p>\n<p><span style=\"font-weight: 400;\">Ka\u017cdy uczestnik konwentu zobowi\u0105zany jest do kulturalnego zachowania i podporz\u0105dkowania si\u0119 decyzjom organizator\u00f3w. Zastrze\u017cenia do decyzji organizator\u00f3w mo\u017cna zg\u0142asza\u0107 koordynatorowi konwentu \u2013 jego decyzja jest ostateczna.<\/span><\/p>\n<p><span style=\"font-weight: 400;\">Za wszelkie szkody odpowiedzialno\u015b\u0107 (w tym finansow\u0105) ponosz\u0105 sprawcy.<\/span><\/p>\n<p><span style=\"font-weight: 400;\">W przypadku konfliktu pomi\u0119dzy uczestnikami organem rozstrzygaj\u0105cym jest koordynator.<\/span><\/p>\n<h1 style=\"text-align: center;\"><strong>Regulamin konwentu<br \/>\nOrichalcum 2023<\/strong><\/h1>\n<h2 style=\"text-align: center;\"><strong>wersja on-line<\/strong><\/h2>\n<p style=\"text-align: center;\"><strong>\u00a7 1<\/strong><\/p>\n<p>Orichalcum odbywa si\u0119 on-line.<\/p>\n<p style=\"text-align: center;\"><strong>\u00a7 2<\/strong><\/p>\n<p>Uczestnictwo w konwencie jest jednoznaczne z akceptacj\u0105 Regulaminu.<\/p>\n<p style=\"text-align: center;\"><strong>\u00a7 3<\/strong><\/p>\n<p>Osoby nieprzestrzegaj\u0105ce regulaminu mog\u0105 zosta\u0107 wyproszone z konwentu.<\/p>\n<p style=\"text-align: center;\"><strong>\u00a7 4<\/strong><\/p>\n<p>Ka\u017cdy uczestnik konwentu zobowi\u0105zany jest do kulturalnego zachowania i podporz\u0105dkowania si\u0119 decyzjom organizator\u00f3w. Zastrze\u017cenia do decyzji organizator\u00f3w mo\u017cna zg\u0142asza\u0107 koordynatorowi konwentu &#8211; jego decyzja jest ostateczna.<\/p>\n<p style=\"text-align: center;\"><strong>\u00a7 5<\/strong><\/p>\n<p>Zasady dobrego konwentowania:<\/p>\n<p>1. B\u0105d\u017a mi\u0142y!<\/p>\n<p>2. Nie wszczynaj burd.<\/p>\n<p>3. U\u017cywaj komend bot\u00f3w na kana\u0142ach, kt\u00f3re s\u0105 do tego przeznaczone.<\/p>\n<p>4. Nie trolluj!<\/p>\n<p>5. Przestrzegaj netykiety!<\/p>\n<p>6. Nie udost\u0119pniaj materia\u0142\u00f3w NSFW.<\/p>\n<p>7. Nie spamuj za du\u017co.<\/p>\n<p>8. Pami\u0119taj, aby sprawdza\u0107 przypi\u0119te wiadomo\u015bci! Mo\u017ce by\u0107 tam co\u015b naprawd\u0119 wartego uwagi!<\/p>\n<p>9. Nieznajomo\u015b\u0107 regulaminu nie zwalnia z jego nieprzestrzegania.<\/p>\n<p>10. Administracja zastrzega sobie prawo do wprowadzania zmian w regulaminie.<\/p>\n<p>11. Mi\u0142o, \u017ce jeste\u015b i przeczyta\u0142e\u015b\/a\u015b \/\u00a0 <img decoding=\"async\" class=\"emoji\" draggable=\"false\" src=\"https:\/\/discordapp.com\/assets\/2e41bfdeba797283ee9da9bb439c3ece.svg\" alt=\":wink:\" aria-label=\":wink:\" \/> <img decoding=\"async\" class=\"emoji\" draggable=\"false\" src=\"https:\/\/discordapp.com\/assets\/0483f2b648dcc986d01385062052ae1c.svg\" alt=\":heart:\" aria-label=\":heart:\" \/><\/p>\n<p>Nieprzestrzeganie wy\u017cej wymienionych punkt\u00f3w, grozi najpierw ostrze\u017ceniem (kolor czarny na chacie), a w razie dalszego niestosowania si\u0119 &#8211; czasowym bananem.<\/p>\n<p>W przypadku konfliktu pomi\u0119dzy uczestnikami organem rozstrzygaj\u0105cym jest koordynator.<\/p>\n","protected":false},"excerpt":{"rendered":"<p>Regulamin konwentu Orichalcum 2023 Dura lex, sed lex -Twarde prawo, ale prawo. Ulpian \u00a7 1 Orichalcum odbywa si\u0119 na terenie le\u015bnicz\u00f3wki w miejscowo\u015bci G\u0142uch\u00f3w ko\u0142o Rawy Mazowieckiej (woj. \u0142\u00f3dzkie). \u00a7 2 Wej\u015bcie na teren konwentu jest jednoznaczne z akceptacj\u0105 Regulaminu. \u00a7 3 Osoby nie przestrzegaj\u0105ce regulaminu mog\u0105 zosta\u0107 usuni\u0119te z terenu konwentu bez zwrotu akredytacji. [&hellip;]<\/p>\n","protected":false},"author":1,"featured_media":1367,"parent":2,"menu_order":0,"comment_status":"closed","ping_status":"closed","template":"","meta":{"_et_pb_use_builder":"","_et_pb_old_content":"","_et_gb_content_width":"","jetpack_post_was_ever_published":false,"footnotes":""},"class_list":["post-145","page","type-page","status-publish","has-post-thumbnail","hentry"],"jetpack_sharing_enabled":true,"jetpack_shortlink":"https:\/\/wp.me\/P9WWGT-2l","jetpack-related-posts":[],"jetpack_likes_enabled":true,"_links":{"self":[{"href":"https:\/\/orichalcum.topory.org\/index.php\/wp-json\/wp\/v2\/pages\/145","targetHints":{"allow":["GET"]}}],"collection":[{"href":"https:\/\/orichalcum.topory.org\/index.php\/wp-json\/wp\/v2\/pages"}],"about":[{"href":"https:\/\/orichalcum.topory.org\/index.php\/wp-json\/wp\/v2\/types\/page"}],"author":[{"embeddable":true,"href":"https:\/\/orichalcum.topory.org\/index.php\/wp-json\/wp\/v2\/users\/1"}],"replies":[{"embeddable":true,"href":"https:\/\/orichalcum.topory.org\/index.php\/wp-json\/wp\/v2\/comments?post=145"}],"version-history":[{"count":9,"href":"https:\/\/orichalcum.topory.org\/index.php\/wp-json\/wp\/v2\/pages\/145\/revisions"}],"predecessor-version":[{"id":2638,"href":"https:\/\/orichalcum.topory.org\/index.php\/wp-json\/wp\/v2\/pages\/145\/revisions\/2638"}],"up":[{"embeddable":true,"href":"https:\/\/orichalcum.topory.org\/index.php\/wp-json\/wp\/v2\/pages\/2"}],"wp:featuredmedia":[{"embeddable":true,"href":"https:\/\/orichalcum.topory.org\/index.php\/wp-json\/wp\/v2\/media\/1367"}],"wp:attachment":[{"href":"https:\/\/orichalcum.topory.org\/index.php\/wp-json\/wp\/v2\/media?parent=145"}],"curies":[{"name":"wp","href":"https:\/\/api.w.org\/{rel}","templated":true}]}}